{"id":1815,"date":"2020-07-24T11:30:14","date_gmt":"2020-07-24T09:30:14","guid":{"rendered":"https:\/\/tepsis.io\/?page_id=1815"},"modified":"2022-08-05T18:16:45","modified_gmt":"2022-08-05T16:16:45","slug":"les-publications","status":"publish","type":"page","link":"http:\/\/tepsis.io\/?page_id=1815","title":{"rendered":"Les publications"},"content":{"rendered":"\n<p>Les recherches men\u00e9es dans le cadre de TEPSIS ont donn\u00e9 lieu \u00e0 un nombre important de publications en fran\u00e7ais et en langues \u00e9trang\u00e8res dans les principales revus, dans des monographies et des ouvrages collectifs.<\/p>\n\n\n\n<p>Parmi ces publications, on retiendra par exemple :<\/p>\n\n\n\n<div class=\"wp-block-columns is-layout-flex wp-container-7 wp-block-columns-is-layout-flex\">\n<div class=\"wp-block-column is-vertically-aligned-bottom is-layout-flow wp-block-column-is-layout-flow\">\n<div class=\"wp-block-cover has-background-dim\" style=\"min-height:175px\"><img decoding=\"async\" loading=\"lazy\" width=\"595\" height=\"818\" class=\"wp-block-cover__image-background wp-image-2225\" alt=\"\" src=\"https:\/\/tepsis.io\/wp-content\/uploads\/2021\/03\/CouvConversionV5_1.jpeg\" style=\"object-position:79% 36%\" data-object-fit=\"cover\" data-object-position=\"79% 36%\" srcset=\"http:\/\/tepsis.io\/wp-content\/uploads\/2021\/03\/CouvConversionV5_1.jpeg 595w, http:\/\/tepsis.io\/wp-content\/uploads\/2021\/03\/CouvConversionV5_1-218x300.jpeg 218w\" sizes=\"(max-width: 595px) 100vw, 595px\" \/><div class=\"wp-block-cover__inner-container is-layout-flow wp-block-cover-is-layout-flow\">\n<p class=\"has-text-align-center has-text-color has-small-font-size\" style=\"color:#ffffff\">Jean-Philippe HEURTIN et Patrick MICHEL (dir.), <em><a href=\"https:\/\/www.cmh.ens.fr\/publication\/la-conversion-et-ses-convertis\/\">La Conversion et ses convertis. Production et \u00e9nonciation du changement individuel dans le monde contemporain<\/a><\/em>, Paris, Politika\/CMH, 2021.<\/p>\n<\/div><\/div>\n\n\n\n<hr class=\"wp-block-separator\"\/>\n\n\n\n<div class=\"wp-block-cover has-background-dim\" style=\"min-height:175px\"><img decoding=\"async\" loading=\"lazy\" width=\"152\" height=\"220\" class=\"wp-block-cover__image-background wp-image-2026\" alt=\"\" src=\"https:\/\/tepsis.io\/wp-content\/uploads\/2020\/09\/gaiti.jpg\" style=\"object-position:17% 86%\" data-object-fit=\"cover\" data-object-position=\"17% 86%\"\/><div class=\"wp-block-cover__inner-container is-layout-flow wp-block-cover-is-layout-flow\">\n<p class=\"has-text-align-center has-text-color has-small-font-size\" style=\"color:#ffffff\">Brigitte GAITI et Johanna SIMEANT-GERMANOS (dir.), <em><a href=\"http:\/\/www.pur-editions.fr\/detail.php?idOuv=4591\" target=\"_blank\" rel=\"noreferrer noopener\">La consistance des crises. Autour de Michel Dobry<\/a><\/em>, Rennes, PUR, 2018, 330 p.<\/p>\n<\/div><\/div>\n\n\n\n<hr class=\"wp-block-separator\"\/>\n<\/div>\n\n\n\n<div class=\"wp-block-column is-vertically-aligned-bottom is-layout-flow wp-block-column-is-layout-flow\">\n<div class=\"wp-block-cover has-background-dim\" style=\"min-height:208px\"><img decoding=\"async\" loading=\"lazy\" width=\"807\" height=\"848\" class=\"wp-block-cover__image-background wp-image-2224\" alt=\"\" src=\"https:\/\/tepsis.io\/wp-content\/uploads\/2021\/03\/vignette-Atelier.png\" data-object-fit=\"cover\" srcset=\"http:\/\/tepsis.io\/wp-content\/uploads\/2021\/03\/vignette-Atelier.png 807w, http:\/\/tepsis.io\/wp-content\/uploads\/2021\/03\/vignette-Atelier-285x300.png 285w, http:\/\/tepsis.io\/wp-content\/uploads\/2021\/03\/vignette-Atelier-768x807.png 768w\" sizes=\"(max-width: 807px) 100vw, 807px\" \/><div class=\"wp-block-cover__inner-container is-layout-flow wp-block-cover-is-layout-flow\">\n<p>Gis\u00e8le SAPIRO (dir.), <em><a href=\"https:\/\/www.cnrseditions.fr\/catalogue\/philosophie-et-histoire-des-idees\/dictionnaire-international-bourdieu\/\">Dictionnaire international Bourdieu<\/a><\/em>, Paris, CNRS \u00c9ditions, 2020, 1000p.<\/p>\n<\/div><\/div>\n\n\n\n<hr class=\"wp-block-separator\"\/>\n\n\n\n<div class=\"wp-block-cover has-background-dim\" style=\"min-height:155px\"><img decoding=\"async\" loading=\"lazy\" width=\"563\" height=\"768\" class=\"wp-block-cover__image-background wp-image-2027\" alt=\"\" src=\"https:\/\/tepsis.io\/wp-content\/uploads\/2020\/09\/backouche.png\" style=\"object-position:55% 67%\" data-object-fit=\"cover\" data-object-position=\"55% 67%\" srcset=\"http:\/\/tepsis.io\/wp-content\/uploads\/2020\/09\/backouche.png 563w, http:\/\/tepsis.io\/wp-content\/uploads\/2020\/09\/backouche-220x300.png 220w\" sizes=\"(max-width: 563px) 100vw, 563px\" \/><div class=\"wp-block-cover__inner-container is-layout-flow wp-block-cover-is-layout-flow\">\n<p class=\"has-text-align-center has-text-color has-small-font-size\" style=\"color:#ffffff\">Isabelle BACKOUCHE, <em><a href=\"http:\/\/www.editions-creaphis.com\/fr\/catalogue\/view\/1133\/paris-transforme-le-marais-1900-1980\/?of=1\" target=\"_blank\" rel=\"noreferrer noopener\">Paris transform\u00e9, Le Marais 1900-1980 : de l&rsquo;\u00eelot insalubre au secteur sauvegard\u00e9<\/a><\/em>, Grane, Creaphis Editions, 2016, 440 p.<\/p>\n<\/div><\/div>\n\n\n\n<hr class=\"wp-block-separator\"\/>\n<\/div>\n<\/div>\n\n\n\n<div class=\"wp-block-columns is-layout-flex wp-container-12 wp-block-columns-is-layout-flex\">\n<div class=\"wp-block-column is-layout-flow wp-block-column-is-layout-flow\">\n<div class=\"wp-block-cover has-background-dim\" style=\"min-height:242px\"><img decoding=\"async\" loading=\"lazy\" width=\"500\" height=\"667\" class=\"wp-block-cover__image-background wp-image-2029\" alt=\"\" src=\"https:\/\/tepsis.io\/wp-content\/uploads\/2020\/09\/beliava.png\" style=\"object-position:44% 61%\" data-object-fit=\"cover\" data-object-position=\"44% 61%\" srcset=\"http:\/\/tepsis.io\/wp-content\/uploads\/2020\/09\/beliava.png 500w, http:\/\/tepsis.io\/wp-content\/uploads\/2020\/09\/beliava-225x300.png 225w\" sizes=\"(max-width: 500px) 100vw, 500px\" \/><div class=\"wp-block-cover__inner-container is-layout-flow wp-block-cover-is-layout-flow\">\n<p class=\"has-text-align-center has-text-color has-small-font-size\" style=\"color:#ffffff\">Irina BELIAEVA, Wladimir BERELOWITH, Pascal DUBOURG GLATIGNY, Irina&nbsp;KHMELEVSKIKH, Irina LEBEDEVA, Valeri LEONOV, Philippe MALGOUYRES, Olga MEDVEDKOVA, Emilie D\u2019ORGEIX, Ernest A. ZITSER, <a href=\"https:\/\/www.alainbaudry.com\/produit\/pierre-le-grand-et-ses-livres\/\"><em>Pierre le Grand et ses livres<\/em><\/a>, Paris, Alain Baudry &amp; Cie, 2016, 752 p.<\/p>\n<\/div><\/div>\n<\/div>\n\n\n\n<div class=\"wp-block-column is-layout-flow wp-block-column-is-layout-flow\">\n<div class=\"wp-block-cover has-background-dim\" style=\"min-height:149px\"><img decoding=\"async\" loading=\"lazy\" width=\"220\" height=\"313\" class=\"wp-block-cover__image-background wp-image-2030\" alt=\"\" src=\"https:\/\/tepsis.io\/wp-content\/uploads\/2020\/09\/georgeon.png\" style=\"object-position:63% 85%\" data-object-fit=\"cover\" data-object-position=\"63% 85%\" srcset=\"http:\/\/tepsis.io\/wp-content\/uploads\/2020\/09\/georgeon.png 220w, http:\/\/tepsis.io\/wp-content\/uploads\/2020\/09\/georgeon-211x300.png 211w\" sizes=\"(max-width: 220px) 100vw, 220px\" \/><div class=\"wp-block-cover__inner-container is-layout-flow wp-block-cover-is-layout-flow\">\n<p class=\"has-text-align-center has-text-color has-small-font-size\" style=\"color:#ffffff\">Fran\u00e7ois GEORGEON, Nicolas VATIN, Gilles VEINSTEIN (dir.), <a href=\"http:\/\/www.fayard.fr\/dictionnaire-de-lempire-ottoman-xve-xxe-siecle-9782213626819\"><em>Dictionnaire de l&rsquo;Empire Ottoman<\/em><\/a>, Paris, Fayard, 2015,&nbsp;1352 p.<\/p>\n<\/div><\/div>\n<\/div>\n<\/div>\n\n\n\n<hr class=\"wp-block-separator\"\/>\n\n\n\n<div class=\"wp-block-columns is-layout-flex wp-container-17 wp-block-columns-is-layout-flex\">\n<div class=\"wp-block-column is-layout-flow wp-block-column-is-layout-flow\">\n<div class=\"wp-block-cover has-background-dim\" style=\"min-height:224px\"><img decoding=\"async\" loading=\"lazy\" width=\"120\" height=\"178\" class=\"wp-block-cover__image-background wp-image-2031\" alt=\"\" src=\"https:\/\/tepsis.io\/wp-content\/uploads\/2020\/09\/simeant.png\" style=\"object-position:47% 100%\" data-object-fit=\"cover\" data-object-position=\"47% 100%\"\/><div class=\"wp-block-cover__inner-container is-layout-flow wp-block-cover-is-layout-flow\">\n<p class=\"has-text-align-center has-text-color has-small-font-size\" style=\"color:#ffffff\">Johanna SIMEANT, Marie-Emmanuelle POMMEROLLE &amp; Isabelle SOMMIER, (dir.), <a href=\"http:\/\/en.aup.nl\/books\/9789089647801-observing-protest-from-a-place.html\"><em>Observing Protest from a Place \u2013 The World Social Forum in Dakar (2011)<\/em><\/a>, Amsterdam, Amsterdam University Press, 2015,&nbsp;271 p.<\/p>\n<\/div><\/div>\n<\/div>\n\n\n\n<div class=\"wp-block-column is-layout-flow wp-block-column-is-layout-flow\">\n<div class=\"wp-block-cover has-background-dim\" style=\"min-height:65px\"><img decoding=\"async\" loading=\"lazy\" width=\"340\" height=\"540\" class=\"wp-block-cover__image-background wp-image-2032\" alt=\"\" src=\"https:\/\/tepsis.io\/wp-content\/uploads\/2020\/09\/lilti-1.jpg\" style=\"object-position:55% 38%\" data-object-fit=\"cover\" data-object-position=\"55% 38%\" srcset=\"http:\/\/tepsis.io\/wp-content\/uploads\/2020\/09\/lilti-1.jpg 340w, http:\/\/tepsis.io\/wp-content\/uploads\/2020\/09\/lilti-1-189x300.jpg 189w\" sizes=\"(max-width: 340px) 100vw, 340px\" \/><div class=\"wp-block-cover__inner-container is-layout-flow wp-block-cover-is-layout-flow\">\n<p class=\"has-text-align-center has-text-color has-small-font-size\" style=\"color:#ffffff\">Antoine LILTI, <em><a href=\"https:\/\/www.fayard.fr\/histoire\/figures-publiques-9782213682389\" target=\"_blank\" rel=\"noreferrer noopener\">Figures publiques<\/a><\/em>, Paris, Fayard, 2014, 436 p.<\/p>\n<\/div><\/div>\n<\/div>\n<\/div>\n","protected":false},"excerpt":{"rendered":"<p>Les recherches men\u00e9es dans le cadre de TEPSIS ont donn\u00e9 lieu \u00e0 un nombre important de publications en fran\u00e7ais et en langues \u00e9trang\u00e8res dans les principales revus, dans des monographies et des ouvrages collectifs. Parmi ces publications, on retiendra par exemple :<\/p>\n","protected":false},"author":1,"featured_media":1824,"parent":1773,"menu_order":0,"comment_status":"closed","ping_status":"closed","template":"templates\/template-full-width.php","meta":{"footnotes":""},"_links":{"self":[{"href":"http:\/\/tepsis.io\/index.php?rest_route=\/wp\/v2\/pages\/1815"}],"collection":[{"href":"http:\/\/tepsis.io\/index.php?rest_route=\/wp\/v2\/pages"}],"about":[{"href":"http:\/\/tepsis.io\/index.php?rest_route=\/wp\/v2\/types\/page"}],"author":[{"embeddable":true,"href":"http:\/\/tepsis.io\/index.php?rest_route=\/wp\/v2\/users\/1"}],"replies":[{"embeddable":true,"href":"http:\/\/tepsis.io\/index.php?rest_route=%2Fwp%2Fv2%2Fcomments&post=1815"}],"version-history":[{"count":10,"href":"http:\/\/tepsis.io\/index.php?rest_route=\/wp\/v2\/pages\/1815\/revisions"}],"predecessor-version":[{"id":2517,"href":"http:\/\/tepsis.io\/index.php?rest_route=\/wp\/v2\/pages\/1815\/revisions\/2517"}],"up":[{"embeddable":true,"href":"http:\/\/tepsis.io\/index.php?rest_route=\/wp\/v2\/pages\/1773"}],"wp:featuredmedia":[{"embeddable":true,"href":"http:\/\/tepsis.io\/index.php?rest_route=\/wp\/v2\/media\/1824"}],"wp:attachment":[{"href":"http:\/\/tepsis.io\/index.php?rest_route=%2Fwp%2Fv2%2Fmedia&parent=1815"}],"curies":[{"name":"wp","href":"https:\/\/api.w.org\/{rel}","templated":true}]}}

<p>Les recherches menées dans le cadre de TEPSIS ont donné lieu à un nombre important de publications en français et en langues étrangères dans les principales revus, dans des monographies et des ouvrages collectifs.</p>



<p>Parmi ces publications, on retiendra par exemple :</p>



<div class="wp-block-columns is-layout-flex wp-container-7 wp-block-columns-is-layout-flex">
<div class="wp-block-column is-vertically-aligned-bottom is-layout-flow wp-block-column-is-layout-flow">
<div class="wp-block-cover has-background-dim" style="min-height:175px"><img decoding="async" loading="lazy" width="595" height="818" class="wp-block-cover__image-background wp-image-2225" alt="" src="https://tepsis.io/wp-content/uploads/2021/03/CouvConversionV5_1.jpeg" style="object-position:79% 36%" data-object-fit="cover" data-object-position="79% 36%" srcset="http://tepsis.io/wp-content/uploads/2021/03/CouvConversionV5_1.jpeg 595w, http://tepsis.io/wp-content/uploads/2021/03/CouvConversionV5_1-218x300.jpeg 218w" sizes="(max-width: 595px) 100vw, 595px" /><div class="wp-block-cover__inner-container is-layout-flow wp-block-cover-is-layout-flow">
<p class="has-text-align-center has-text-color has-small-font-size" style="color:#ffffff">Jean-Philippe HEURTIN et Patrick MICHEL (dir.), <em><a href="https://www.cmh.ens.fr/publication/la-conversion-et-ses-convertis/">La Conversion et ses convertis. Production et énonciation du changement individuel dans le monde contemporain</a></em>, Paris, Politika/CMH, 2021.</p>
</div></div>



<hr class="wp-block-separator"/>



<div class="wp-block-cover has-background-dim" style="min-height:175px"><img decoding="async" loading="lazy" width="152" height="220" class="wp-block-cover__image-background wp-image-2026" alt="" src="https://tepsis.io/wp-content/uploads/2020/09/gaiti.jpg" style="object-position:17% 86%" data-object-fit="cover" data-object-position="17% 86%"/><div class="wp-block-cover__inner-container is-layout-flow wp-block-cover-is-layout-flow">
<p class="has-text-align-center has-text-color has-small-font-size" style="color:#ffffff">Brigitte GAITI et Johanna SIMEANT-GERMANOS (dir.), <em><a href="http://www.pur-editions.fr/detail.php?idOuv=4591" target="_blank" rel="noreferrer noopener">La consistance des crises. Autour de Michel Dobry</a></em>, Rennes, PUR, 2018, 330 p.</p>
</div></div>



<hr class="wp-block-separator"/>
</div>



<div class="wp-block-column is-vertically-aligned-bottom is-layout-flow wp-block-column-is-layout-flow">
<div class="wp-block-cover has-background-dim" style="min-height:208px"><img decoding="async" loading="lazy" width="807" height="848" class="wp-block-cover__image-background wp-image-2224" alt="" src="https://tepsis.io/wp-content/uploads/2021/03/vignette-Atelier.png" data-object-fit="cover" srcset="http://tepsis.io/wp-content/uploads/2021/03/vignette-Atelier.png 807w, http://tepsis.io/wp-content/uploads/2021/03/vignette-Atelier-285x300.png 285w, http://tepsis.io/wp-content/uploads/2021/03/vignette-Atelier-768x807.png 768w" sizes="(max-width: 807px) 100vw, 807px" /><div class="wp-block-cover__inner-container is-layout-flow wp-block-cover-is-layout-flow">
<p>Gisèle SAPIRO (dir.), <em><a href="https://www.cnrseditions.fr/catalogue/philosophie-et-histoire-des-idees/dictionnaire-international-bourdieu/">Dictionnaire international Bourdieu</a></em>, Paris, CNRS Éditions, 2020, 1000p.</p>
</div></div>



<hr class="wp-block-separator"/>



<div class="wp-block-cover has-background-dim" style="min-height:155px"><img decoding="async" loading="lazy" width="563" height="768" class="wp-block-cover__image-background wp-image-2027" alt="" src="https://tepsis.io/wp-content/uploads/2020/09/backouche.png" style="object-position:55% 67%" data-object-fit="cover" data-object-position="55% 67%" srcset="http://tepsis.io/wp-content/uploads/2020/09/backouche.png 563w, http://tepsis.io/wp-content/uploads/2020/09/backouche-220x300.png 220w" sizes="(max-width: 563px) 100vw, 563px" /><div class="wp-block-cover__inner-container is-layout-flow wp-block-cover-is-layout-flow">
<p class="has-text-align-center has-text-color has-small-font-size" style="color:#ffffff">Isabelle BACKOUCHE, <em><a href="http://www.editions-creaphis.com/fr/catalogue/view/1133/paris-transforme-le-marais-1900-1980/?of=1" target="_blank" rel="noreferrer noopener">Paris transformé, Le Marais 1900-1980 : de l&rsquo;îlot insalubre au secteur sauvegardé</a></em>, Grane, Creaphis Editions, 2016, 440 p.</p>
</div></div>



<hr class="wp-block-separator"/>
</div>
</div>



<div class="wp-block-columns is-layout-flex wp-container-12 wp-block-columns-is-layout-flex">
<div class="wp-block-column is-layout-flow wp-block-column-is-layout-flow">
<div class="wp-block-cover has-background-dim" style="min-height:242px"><img decoding="async" loading="lazy" width="500" height="667" class="wp-block-cover__image-background wp-image-2029" alt="" src="https://tepsis.io/wp-content/uploads/2020/09/beliava.png" style="object-position:44% 61%" data-object-fit="cover" data-object-position="44% 61%" srcset="http://tepsis.io/wp-content/uploads/2020/09/beliava.png 500w, http://tepsis.io/wp-content/uploads/2020/09/beliava-225x300.png 225w" sizes="(max-width: 500px) 100vw, 500px" /><div class="wp-block-cover__inner-container is-layout-flow wp-block-cover-is-layout-flow">
<p class="has-text-align-center has-text-color has-small-font-size" style="color:#ffffff">Irina BELIAEVA, Wladimir BERELOWITH, Pascal DUBOURG GLATIGNY, Irina&nbsp;KHMELEVSKIKH, Irina LEBEDEVA, Valeri LEONOV, Philippe MALGOUYRES, Olga MEDVEDKOVA, Emilie D’ORGEIX, Ernest A. ZITSER, <a href="https://www.alainbaudry.com/produit/pierre-le-grand-et-ses-livres/"><em>Pierre le Grand et ses livres</em></a>, Paris, Alain Baudry &amp; Cie, 2016, 752 p.</p>
</div></div>
</div>



<div class="wp-block-column is-layout-flow wp-block-column-is-layout-flow">
<div class="wp-block-cover has-background-dim" style="min-height:149px"><img decoding="async" loading="lazy" width="220" height="313" class="wp-block-cover__image-background wp-image-2030" alt="" src="https://tepsis.io/wp-content/uploads/2020/09/georgeon.png" style="object-position:63% 85%" data-object-fit="cover" data-object-position="63% 85%" srcset="http://tepsis.io/wp-content/uploads/2020/09/georgeon.png 220w, http://tepsis.io/wp-content/uploads/2020/09/georgeon-211x300.png 211w" sizes="(max-width: 220px) 100vw, 220px" /><div class="wp-block-cover__inner-container is-layout-flow wp-block-cover-is-layout-flow">
<p class="has-text-align-center has-text-color has-small-font-size" style="color:#ffffff">François GEORGEON, Nicolas VATIN, Gilles VEINSTEIN (dir.), <a href="http://www.fayard.fr/dictionnaire-de-lempire-ottoman-xve-xxe-siecle-9782213626819"><em>Dictionnaire de l&rsquo;Empire Ottoman</em></a>, Paris, Fayard, 2015,&nbsp;1352 p.</p>
</div></div>
</div>
</div>



<hr class="wp-block-separator"/>



<div class="wp-block-columns is-layout-flex wp-container-17 wp-block-columns-is-layout-flex">
<div class="wp-block-column is-layout-flow wp-block-column-is-layout-flow">
<div class="wp-block-cover has-background-dim" style="min-height:224px"><img decoding="async" loading="lazy" width="120" height="178" class="wp-block-cover__image-background wp-image-2031" alt="" src="https://tepsis.io/wp-content/uploads/2020/09/simeant.png" style="object-position:47% 100%" data-object-fit="cover" data-object-position="47% 100%"/><div class="wp-block-cover__inner-container is-layout-flow wp-block-cover-is-layout-flow">
<p class="has-text-align-center has-text-color has-small-font-size" style="color:#ffffff">Johanna SIMEANT, Marie-Emmanuelle POMMEROLLE &amp; Isabelle SOMMIER, (dir.), <a href="http://en.aup.nl/books/9789089647801-observing-protest-from-a-place.html"><em>Observing Protest from a Place – The World Social Forum in Dakar (2011)</em></a>, Amsterdam, Amsterdam University Press, 2015,&nbsp;271 p.</p>
</div></div>
</div>



<div class="wp-block-column is-layout-flow wp-block-column-is-layout-flow">
<div class="wp-block-cover has-background-dim" style="min-height:65px"><img decoding="async" loading="lazy" width="340" height="540" class="wp-block-cover__image-background wp-image-2032" alt="" src="https://tepsis.io/wp-content/uploads/2020/09/lilti-1.jpg" style="object-position:55% 38%" data-object-fit="cover" data-object-position="55% 38%" srcset="http://tepsis.io/wp-content/uploads/2020/09/lilti-1.jpg 340w, http://tepsis.io/wp-content/uploads/2020/09/lilti-1-189x300.jpg 189w" sizes="(max-width: 340px) 100vw, 340px" /><div class="wp-block-cover__inner-container is-layout-flow wp-block-cover-is-layout-flow">
<p class="has-text-align-center has-text-color has-small-font-size" style="color:#ffffff">Antoine LILTI, <em><a href="https://www.fayard.fr/histoire/figures-publiques-9782213682389" target="_blank" rel="noreferrer noopener">Figures publiques</a></em>, Paris, Fayard, 2014, 436 p.</p>
</div></div>
</div>
</div>

<p>Les recherches menées dans le cadre de TEPSIS ont donné lieu à un nombre important de publications en français et en langues étrangères dans les principales revus, dans des monographies et des ouvrages collectifs. Parmi ces publications, on retiendra par exemple :</p>
